{"id":1470,"date":"2023-03-18T11:38:18","date_gmt":"2023-03-18T10:38:18","guid":{"rendered":"https:\/\/www.container-fix.de\/service-de-conteneurs\/"},"modified":"2024-04-25T15:44:55","modified_gmt":"2024-04-25T13:44:55","slug":"service-de-conteneurs","status":"publish","type":"page","link":"https:\/\/www.container-fix.de\/fr\/service-de-conteneurs\/","title":{"rendered":"Service de conteneurs"},"content":{"rendered":"<p>[et_pb_section fb_built=\u00a0\u00bb1&Prime; fullwidth=\u00a0\u00bbon\u00a0\u00bb module_class=\u00a0\u00bbfix-content-slider\u00a0\u00bb _builder_version=\u00a0\u00bb4.20.4&Prime; _module_preset=\u00a0\u00bbdefault\u00a0\u00bb min_height_last_edited=\u00a0\u00bboff|tablet\u00a0\u00bb global_colors_info=\u00a0\u00bb{}\u00a0\u00bb][et_pb_fullwidth_slider _builder_version=\u00a0\u00bb4.20.4&Prime; _module_preset=\u00a0\u00bbdefault\u00a0\u00bb min_height_last_edited=\u00a0\u00bboff|phone\u00a0\u00bb global_colors_info=\u00a0\u00bb{}\u00a0\u00bb][et_pb_slide _builder_version=\u00a0\u00bb4.20.4&Prime; _module_preset=\u00a0\u00bbdefault\u00a0\u00bb background_enable_color=\u00a0\u00bboff\u00a0\u00bb background_image=\u00a0\u00bbhttps:\/\/www.container-fix.de\/wp-content\/uploads\/containerdienst-header-v2.jpg\u00a0\u00bb background_enable_image=\u00a0\u00bbon\u00a0\u00bb global_colors_info=\u00a0\u00bb{}\u00a0\u00bb sticky_transition=\u00a0\u00bbon\u00a0\u00bb][\/et_pb_slide][\/et_pb_fullwidth_slider][\/et_pb_section][et_pb_section fb_built=\u00a0\u00bb1&Prime; custom_padding_last_edited=\u00a0\u00bbon|desktop\u00a0\u00bb _builder_version=\u00a0\u00bb4.20.4&Prime; custom_padding=\u00a0\u00bb60px||60px||false|false\u00a0\u00bb custom_padding_tablet=\u00a0\u00bb45px||45px||false|false\u00a0\u00bb custom_padding_phone=\u00a0\u00bb30px||30px||false|false\u00a0\u00bb global_colors_info=\u00a0\u00bb{}\u00a0\u00bb][et_pb_row _builder_version=\u00a0\u00bb4.16&Prime; background_size=\u00a0\u00bbinitial\u00a0\u00bb background_position=\u00a0\u00bbtop_left\u00a0\u00bb background_repeat=\u00a0\u00bbrepeat\u00a0\u00bb global_colors_info=\u00a0\u00bb{}\u00a0\u00bb][et_pb_column type=\u00a0\u00bb4_4&Prime; _builder_version=\u00a0\u00bb4.16&Prime; custom_padding=\u00a0\u00bb|||\u00a0\u00bb global_colors_info=\u00a0\u00bb{}\u00a0\u00bb custom_padding__hover=\u00a0\u00bb|||\u00a0\u00bb][et_pb_text _builder_version=\u00a0\u00bb4.20.4&Prime; background_size=\u00a0\u00bbinitial\u00a0\u00bb background_position=\u00a0\u00bbtop_left\u00a0\u00bb background_repeat=\u00a0\u00bbrepeat\u00a0\u00bb hover_enabled=\u00a0\u00bb0&Prime; global_colors_info=\u00a0\u00bb{}\u00a0\u00bb sticky_enabled=\u00a0\u00bb0&Prime;]<\/p>\n<h1>Service de conteneurs<\/h1>\n<h2>Toujours l\u00e0 quand on a besoin de nous.<\/h2>\n<p>Vous souhaitez vous d\u00e9barrasser de vos d\u00e9chets rapidement et facilement ? Qu&rsquo;il s&rsquo;agisse de ferraille, de m\u00e9taux ou de mat\u00e9riaux recyclables, nous mettons \u00e0 votre disposition les bennes et conteneurs appropri\u00e9s directement devant votre porte.<\/p>\n<p>En tant que prestataire de services pour l&rsquo;industrie, l&rsquo;artisanat et les m\u00e9nages priv\u00e9s, notre service de conteneurs \u00e9limine vos d\u00e9chets de mani\u00e8re professionnelle et \u00e9cologique avec justificatif.<\/p>\n<p>Nous vous conseillons volontiers personnellement et vous soutenons pour toutes les questions relatives \u00e0 l&rsquo;\u00e9limination de vos d\u00e9chets.<\/p>\n<p>[\/et_pb_text][\/et_pb_column][\/et_pb_row][et_pb_row column_structure=\u00a0\u00bb1_3,1_3,1_3&Prime; use_custom_gutter=\u00a0\u00bbon\u00a0\u00bb gutter_width=\u00a0\u00bb2&Prime; make_equal=\u00a0\u00bbon\u00a0\u00bb module_class=\u00a0\u00bbfix-overview\u00a0\u00bb _builder_version=\u00a0\u00bb4.20.4&Prime; _module_preset=\u00a0\u00bbdefault\u00a0\u00bb custom_padding=\u00a0\u00bb0px||||false|false\u00a0\u00bb global_colors_info=\u00a0\u00bb{}\u00a0\u00bb][et_pb_column type=\u00a0\u00bb1_3&Prime; _builder_version=\u00a0\u00bb4.20.4&Prime; _dynamic_attributes=\u00a0\u00bblink_option_url\u00a0\u00bb _module_preset=\u00a0\u00bbdefault\u00a0\u00bb background_color=\u00a0\u00bb#f8f8f8&Prime; link_option_url=\u00a0\u00bb@ET-DC@eyJkeW5hbWljIjp0cnVlLCJjb250ZW50IjoicG9zdF9saW5rX3VybF9wYWdlIiwic2V0dGluZ3MiOnsicG9zdF9pZCI6IjE0MSJ9fQ==@\u00a0\u00bb border_width_all=\u00a0\u00bb1px\u00a0\u00bb border_color_all=\u00a0\u00bb#eaeaea\u00a0\u00bb global_colors_info=\u00a0\u00bb{}\u00a0\u00bb][et_pb_image src=\u00a0\u00bbhttps:\/\/www.container-fix.de\/wp-content\/uploads\/containerdienst-fuhrpark-v1.jpg\u00a0\u00bb title_text=\u00a0\u00bbParc de v\u00e9hicules\u00a0\u00bb _builder_version=\u00a0\u00bb4.20.4&Prime; _module_preset=\u00a0\u00bbdefault\u00a0\u00bb custom_margin=\u00a0\u00bb||0px||false|false\u00a0\u00bb global_colors_info=\u00a0\u00bb{}\u00a0\u00bb][\/et_pb_image][et_pb_text _builder_version=\u00a0\u00bb4.20.4&Prime; _module_preset=\u00a0\u00bbdefault\u00a0\u00bb custom_padding=\u00a0\u00bb30px|30px|30px|30px|false|false\u00a0\u00bb global_colors_info=\u00a0\u00bb{}\u00a0\u00bb]<\/p>\n<h3>Parc de v\u00e9hicules<\/h3>\n<p>[\/et_pb_text][\/et_pb_column][et_pb_column type=\u00a0\u00bb1_3&Prime; _builder_version=\u00a0\u00bb4.20.4&Prime; _dynamic_attributes=\u00a0\u00bblink_option_url\u00a0\u00bb _module_preset=\u00a0\u00bbdefault\u00a0\u00bb background_color=\u00a0\u00bb#f8f8f8&Prime; link_option_url=\u00a0\u00bb@ET-DC@eyJkeW5hbWljIjp0cnVlLCJjb250ZW50IjoicG9zdF9saW5rX3VybF9wYWdlIiwic2V0dGluZ3MiOnsicG9zdF9pZCI6IjE0NSJ9fQ==@\u00a0\u00bb border_width_all=\u00a0\u00bb1px\u00a0\u00bb border_color_all=\u00a0\u00bb#eaeaea\u00a0\u00bb global_colors_info=\u00a0\u00bb{}\u00a0\u00bb][et_pb_image src=\u00a0\u00bbhttps:\/\/www.container-fix.de\/wp-content\/uploads\/containerdienst-containertypen-v1.jpg\u00a0\u00bb title_text=\u00a0\u00bbTypes de conteneurs\u00a0\u00bb _builder_version=\u00a0\u00bb4.20.4&Prime; _module_preset=\u00a0\u00bbdefault\u00a0\u00bb custom_margin=\u00a0\u00bb||0px||false|false\u00a0\u00bb global_colors_info=\u00a0\u00bb{}\u00a0\u00bb][\/et_pb_image][et_pb_text _builder_version=\u00a0\u00bb4.20.4&Prime; _module_preset=\u00a0\u00bbdefault\u00a0\u00bb custom_padding=\u00a0\u00bb30px|30px|30px|30px|false|false\u00a0\u00bb global_colors_info=\u00a0\u00bb{}\u00a0\u00bb]<\/p>\n<h3>Types de conteneurs<\/h3>\n<p>[\/et_pb_text][\/et_pb_column][et_pb_column type=\u00a0\u00bb1_3&Prime; _builder_version=\u00a0\u00bb4.20.4&Prime; _dynamic_attributes=\u00a0\u00bblink_option_url\u00a0\u00bb _module_preset=\u00a0\u00bbdefault\u00a0\u00bb background_color=\u00a0\u00bb#f8f8f8&Prime; link_option_url=\u00a0\u00bb@ET-DC@eyJkeW5hbWljIjp0cnVlLCJjb250ZW50IjoicG9zdF9saW5rX3VybF9wYWdlIiwic2V0dGluZ3MiOnsicG9zdF9pZCI6IjE0NyJ9fQ==@\u00a0\u00bb border_width_all=\u00a0\u00bb1px\u00a0\u00bb border_color_all=\u00a0\u00bb#eaeaea\u00a0\u00bb global_colors_info=\u00a0\u00bb{}\u00a0\u00bb][et_pb_image src=\u00a0\u00bbhttps:\/\/www.container-fix.de\/wp-content\/uploads\/containerdienst-anfrage-v1.jpg\u00a0\u00bb title_text=\u00a0\u00bbDemande\u00a0\u00bb _builder_version=\u00a0\u00bb4.20.4&Prime; _module_preset=\u00a0\u00bbdefault\u00a0\u00bb custom_margin=\u00a0\u00bb||0px||false|false\u00a0\u00bb global_colors_info=\u00a0\u00bb{}\u00a0\u00bb][\/et_pb_image][et_pb_text _builder_version=\u00a0\u00bb4.20.4&Prime; _module_preset=\u00a0\u00bbdefault\u00a0\u00bb custom_padding=\u00a0\u00bb30px|30px|30px|30px|false|false\u00a0\u00bb global_colors_info=\u00a0\u00bb{}\u00a0\u00bb]<\/p>\n<h3>Demande<\/h3>\n<p>[\/et_pb_text][\/et_pb_column][\/et_pb_row][\/et_pb_section]<\/p>\n","protected":false},"excerpt":{"rendered":"<p>Service de conteneurs Toujours l\u00e0 quand on a besoin de nous. Vous souhaitez vous d\u00e9barrasser de vos d\u00e9chets rapidement et facilement ? Qu&rsquo;il s&rsquo;agisse de ferraille, de m\u00e9taux ou de mat\u00e9riaux recyclables, nous mettons \u00e0 votre disposition les bennes et conteneurs appropri\u00e9s directement devant votre porte. En tant que prestataire de services pour l&rsquo;industrie, l&rsquo;artisanat [&hellip;]<\/p>\n","protected":false},"author":3,"featured_media":0,"parent":0,"menu_order":0,"comment_status":"closed","ping_status":"open","template":"","meta":{"_et_pb_use_builder":"on","_et_pb_old_content":"","_et_gb_content_width":"","footnotes":""},"class_list":["post-1470","page","type-page","status-publish","hentry"],"_links":{"self":[{"href":"https:\/\/www.container-fix.de\/fr\/wp-json\/wp\/v2\/pages\/1470","targetHints":{"allow":["GET"]}}],"collection":[{"href":"https:\/\/www.container-fix.de\/fr\/wp-json\/wp\/v2\/pages"}],"about":[{"href":"https:\/\/www.container-fix.de\/fr\/wp-json\/wp\/v2\/types\/page"}],"author":[{"embeddable":true,"href":"https:\/\/www.container-fix.de\/fr\/wp-json\/wp\/v2\/users\/3"}],"replies":[{"embeddable":true,"href":"https:\/\/www.container-fix.de\/fr\/wp-json\/wp\/v2\/comments?post=1470"}],"version-history":[{"count":1,"href":"https:\/\/www.container-fix.de\/fr\/wp-json\/wp\/v2\/pages\/1470\/revisions"}],"predecessor-version":[{"id":1480,"href":"https:\/\/www.container-fix.de\/fr\/wp-json\/wp\/v2\/pages\/1470\/revisions\/1480"}],"wp:attachment":[{"href":"https:\/\/www.container-fix.de\/fr\/wp-json\/wp\/v2\/media?parent=1470"}],"curies":[{"name":"wp","href":"https:\/\/api.w.org\/{rel}","templated":true}]}}

<p>[et_pb_section fb_built= »1&Prime; fullwidth= »on » module_class= »fix-content-slider » _builder_version= »4.20.4&Prime; _module_preset= »default » min_height_last_edited= »off|tablet » global_colors_info= »{} »][et_pb_fullwidth_slider _builder_version= »4.20.4&Prime; _module_preset= »default » min_height_last_edited= »off|phone » global_colors_info= »{} »][et_pb_slide _builder_version= »4.20.4&Prime; _module_preset= »default » background_enable_color= »off » background_image= »https://www.container-fix.de/wp-content/uploads/containerdienst-header-v2.jpg » background_enable_image= »on » global_colors_info= »{} » sticky_transition= »on »][/et_pb_slide][/et_pb_fullwidth_slider][/et_pb_section][et_pb_section fb_built= »1&Prime; custom_padding_last_edited= »on|desktop » _builder_version= »4.20.4&Prime; custom_padding= »60px||60px||false|false » custom_padding_tablet= »45px||45px||false|false » custom_padding_phone= »30px||30px||false|false » global_colors_info= »{} »][et_pb_row _builder_version= »4.16&Prime; background_size= »initial » background_position= »top_left » background_repeat= »repeat » global_colors_info= »{} »][et_pb_column type= »4_4&Prime; _builder_version= »4.16&Prime; custom_padding= »||| » global_colors_info= »{} » custom_padding__hover= »||| »][et_pb_text _builder_version= »4.20.4&Prime; background_size= »initial » background_position= »top_left » background_repeat= »repeat » hover_enabled= »0&Prime; global_colors_info= »{} » sticky_enabled= »0&Prime;]</p>
<h1>Service de conteneurs</h1>
<h2>Toujours là quand on a besoin de nous.</h2>
<p>Vous souhaitez vous débarrasser de vos déchets rapidement et facilement ? Qu&rsquo;il s&rsquo;agisse de ferraille, de métaux ou de matériaux recyclables, nous mettons à votre disposition les bennes et conteneurs appropriés directement devant votre porte.</p>
<p>En tant que prestataire de services pour l&rsquo;industrie, l&rsquo;artisanat et les ménages privés, notre service de conteneurs élimine vos déchets de manière professionnelle et écologique avec justificatif.</p>
<p>Nous vous conseillons volontiers personnellement et vous soutenons pour toutes les questions relatives à l&rsquo;élimination de vos déchets.</p>
<p>[/et_pb_text][/et_pb_column][/et_pb_row][et_pb_row column_structure= »1_3,1_3,1_3&Prime; use_custom_gutter= »on » gutter_width= »2&Prime; make_equal= »on » module_class= »fix-overview » _builder_version= »4.20.4&Prime; _module_preset= »default » custom_padding= »0px||||false|false » global_colors_info= »{} »][et_pb_column type= »1_3&Prime; _builder_version= »4.20.4&Prime; _dynamic_attributes= »link_option_url » _module_preset= »default » background_color= »#f8f8f8&Prime; link_option_url= »@ET-DC@eyJkeW5hbWljIjp0cnVlLCJjb250ZW50IjoicG9zdF9saW5rX3VybF9wYWdlIiwic2V0dGluZ3MiOnsicG9zdF9pZCI6IjE0MSJ9fQ==@ » border_width_all= »1px » border_color_all= »#eaeaea » global_colors_info= »{} »][et_pb_image src= »https://www.container-fix.de/wp-content/uploads/containerdienst-fuhrpark-v1.jpg » title_text= »Parc de véhicules » _builder_version= »4.20.4&Prime; _module_preset= »default » custom_margin= »||0px||false|false » global_colors_info= »{} »][/et_pb_image][et_pb_text _builder_version= »4.20.4&Prime; _module_preset= »default » custom_padding= »30px|30px|30px|30px|false|false » global_colors_info= »{} »]</p>
<h3>Parc de véhicules</h3>
<p>[/et_pb_text][/et_pb_column][et_pb_column type= »1_3&Prime; _builder_version= »4.20.4&Prime; _dynamic_attributes= »link_option_url » _module_preset= »default » background_color= »#f8f8f8&Prime; link_option_url= »@ET-DC@eyJkeW5hbWljIjp0cnVlLCJjb250ZW50IjoicG9zdF9saW5rX3VybF9wYWdlIiwic2V0dGluZ3MiOnsicG9zdF9pZCI6IjE0NSJ9fQ==@ » border_width_all= »1px » border_color_all= »#eaeaea » global_colors_info= »{} »][et_pb_image src= »https://www.container-fix.de/wp-content/uploads/containerdienst-containertypen-v1.jpg » title_text= »Types de conteneurs » _builder_version= »4.20.4&Prime; _module_preset= »default » custom_margin= »||0px||false|false » global_colors_info= »{} »][/et_pb_image][et_pb_text _builder_version= »4.20.4&Prime; _module_preset= »default » custom_padding= »30px|30px|30px|30px|false|false » global_colors_info= »{} »]</p>
<h3>Types de conteneurs</h3>
<p>[/et_pb_text][/et_pb_column][et_pb_column type= »1_3&Prime; _builder_version= »4.20.4&Prime; _dynamic_attributes= »link_option_url » _module_preset= »default » background_color= »#f8f8f8&Prime; link_option_url= »@ET-DC@eyJkeW5hbWljIjp0cnVlLCJjb250ZW50IjoicG9zdF9saW5rX3VybF9wYWdlIiwic2V0dGluZ3MiOnsicG9zdF9pZCI6IjE0NyJ9fQ==@ » border_width_all= »1px » border_color_all= »#eaeaea » global_colors_info= »{} »][et_pb_image src= »https://www.container-fix.de/wp-content/uploads/containerdienst-anfrage-v1.jpg » title_text= »Demande » _builder_version= »4.20.4&Prime; _module_preset= »default » custom_margin= »||0px||false|false » global_colors_info= »{} »][/et_pb_image][et_pb_text _builder_version= »4.20.4&Prime; _module_preset= »default » custom_padding= »30px|30px|30px|30px|false|false » global_colors_info= »{} »]</p>
<h3>Demande</h3>
<p>[/et_pb_text][/et_pb_column][/et_pb_row][/et_pb_section]</p>

<p>Service de conteneurs Toujours là quand on a besoin de nous. Vous souhaitez vous débarrasser de vos déchets rapidement et facilement ? Qu&rsquo;il s&rsquo;agisse de ferraille, de métaux ou de matériaux recyclables, nous mettons à votre disposition les bennes et conteneurs appropriés directement devant votre porte. En tant que prestataire de services pour l&rsquo;industrie, l&rsquo;artisanat [&hellip;]</p>
